divided by z?
7
Let l be ((-16)/6)/(8/(-12)). Suppose -3*d + l = -5. Let x = d - -26. What is the remainder when x is divided by 10?
9
Let h = -3210 - -3217. Suppose 2*a = a + 4. Calculate the remainder when h is divided by a.
3
Let g(s) = -7 - 2 - 5 + 4*s - 2. Let n(i) = -7*i - 14. Calculate the remainder when n(-13) is divided by g(8).
13
What is the remainder when 57 is divided by (-8 - -9)/(1/21)?
15
Let n(j) = j**3 + 7*j**2 + 5*j - 1. Let t be n(-6). Suppose -t*z + 2*v - 40 = -100, 4*z = 4*v + 48. Calculate the remainder when z is divided by 8.
4
Suppose -5*l + 99 = -2*l. What is the remainder when l is divided by (6/21 - 6/(-28))*34?
16
Let c(u) = 18*u**3 + 4*u**2 - u - 4. Calculate the remainder when 506 is divided by c(1).
13
Suppose 0 = 58*j - 53*j - 70. Suppose 4*f + h = 5*f - 8, 4*f + 3*h = 25. What is the remainder when j is divided by f?
0
Let w(m) = m**2 + 7*m + 728. Let c be w(0). Suppose 12*i + c = 19*i. What is the remainder when i is divided by 18?
14
Let j = 50 + -50. Calculate the remainder when 26 is divided by 0 - (-1 - 3 - j).
2
Suppose 0 = 3*s - 160 + 1. Let g = s + -38. What is the remainder when 43 is divided by g?
13
Calculate the remainder when 3 - 1/1*-58 is divided by 32.
29
Let h = 40 + -14. Suppose -h = -6*j + 4*j. Calculate the remainder when 60 is divided by j.
8
Suppose 3*b - 4*l = 420, 7*b + 426 = 10*b - 2*l. What is the remainder when b is divided by 19?
11
Let g(w) = -3*w - 23. Let z be g(-9). Suppose 0*k - 5*h - 38 = -k, 5*h = z*k - 92. What is the remainder when 48 is divided by k?
12
Let c(u) = -28*u + 1. Let h be (0 + 2/(-4))*2. Calculate the remainder when c(h) is divided by 9.
2
Suppose -714 = -5*o + 3*w + w, 0 = w - 4. Calculate the remainder when o is divided by 30.
26
Suppose 0 = -20*q + 900 + 100. Suppose 5*f - 12 = -32, 4*f = -5*k + 119. Calculate the remainder when q is divided by k.
23
Suppose -6*d + 24 = -2*d. Suppose 43 - 115 = -d*c. What is the remainder when 45 is divided by c?
9
Suppose u = -4*u + 160. Suppose -30 = -i - 2*s, -2*i - u = -3*i - 4*s. Calculate the remainder when i is divided by 6 + 10/(40/36).
13
Suppose -4*n = -d + 12, -2*d - 5*n = 3*d - 160. Calculate the remainder when (1 - 219)/(-2) + 0 is divided by d.
25
Let t be (-16)/(-40) - 94/10. What is the remainder when 11 is divided by (-2)/t - (-600)/216 - -8?
0
Let d(g) = -21*g - 38*g + 16 + 44*g + g**2. Let j be d(14). Suppose k - 15 - j = 0. What is the remainder when k is divided by 9?
8
Suppose 2*x + 0*x = -2*r + 20, r = 4*x - 35. Suppose 32 = -5*f + j, -5*f - 4*j = -0*f + 47. What is the remainder when x is divided by (f + 0)*(-3)/7?
0
Let d = 1004 + -955. Calculate the remainder when 96 is divided by d.
47
Let p(w) = 4*w**3 + 3*w**2 - 2*w. Let l = -182 - -196. Calculate the remainder when p(2) is divided by l.
12
Let m(t) = 13*t + 243. Suppose 6*a - 4*k = 3*a + 71, -5*a + 126 = k. Calculate the remainder when a is divided by m(-18).
7
Let a(c) = -c**2 - 11*c. Let w be a(-11). Suppose -4*f = 2*h + 8, w = -h + 2*h + 4*f + 14. Calculate the remainder when 47 is divided by h.
5
Let d be 476/35 + (-4)/(-10). Suppose -2*j + q = -90, 3*j + 5*q + 0*q - 161 = 0. What is the remainder when j is divided by (50/3)/(d/21)?
22
Suppose -5*l = -2*d - 63, -4*l + 4*d + 25 = -23. Let h(r) = -9*r**2 + 2*r. Let v be h(2). Let o = v + 57. What is the remainder when o is divided by l?
12
Let b(k) = -14*k**2 - 37*k - 1. Suppose 0 = 3*q + 2 - 20. Calculate the remainder when b(-2) is divided by q.
5
Suppose 23*k - 9464 = -29*k. What is the remainder when 369 is divided by k?
5
Suppose -o + 4*o = f + 24, 0 = f. Suppose -4*b + 83 = 5*g + 21, -4*b + 32 = 2*g. Calculate the remainder when g is divided by o.
2
Let c(g) = 2*g**2 - 4*g - 20. Calculate the remainder when 196 is divided by c(7).
46
Let d = 311 + -154. What is the remainder when d is divided by 16?
13
Let p = -148 + 155. Let t be -2*(-3)/(6/41). Suppose 3*o = -8 + t. What is the remainder when o is divided by p?
4
Let z be 2*2 + -4 + 5. Let g be (-10)/8*(-5 + 1). Suppose -v - 3 = 2*b - 0*b, z*v + g*b - 5 = 0. What is the remainder when v is divided by 4?
1
Suppose -5*a = -3 + 13, 1264 = 2*r + 4*a. Suppose -64 + r = 11*p. Suppose 0 = -3*b - 0*b + 54. Calculate the remainder when p is divided by b.
16
Suppose -5 + 17 = 2*f. Suppose -4*v + 81 - 25 = 0. Calculate the remainder when (-2)/(f/15*1/(-11)) is divided by v.
13
Let l = -99 - -101. Calculate the remainder when (-2 + l + -1)*-45 is divided by 8.
5
Let y(k) = 27*k**3 - k. Let r be y(-1). Let a = r + 28. Suppose 4*p = a*p + 42. What is the remainder when p is divided by 6?
3
Let c(q) = -q**3 - 17*q**2 - 9*q - 24. Calculate the remainder when c(-17) is divided by 33.
30
Suppose 0 = -3*r + 18*r - 405. What is the remainder when 105 is divided by r?
24
Let s = -346 + 363. Calculate the remainder when 58 is divided by s.
7
Suppose -2*o = -6 - 0. Suppose 2*g + k + 387 = -o*g, -3*k = -g - 71. Let x = -50 - g. What is the remainder when x is divided by 15?
12
Suppose -2*u = 2*u - 16. Suppose 127 = u*z - 73. Calculate the remainder when z is divided by 27.
23
Suppose 2*u + 13 = -5. Let x(y) = -y**3 - 10*y**2 - 9*y + 8. Calculate the remainder when x(u) is divided by 2.
0
Let n(i) = -7*i + 24. Calculate the remainder when 157 is divided by n(-4).
1
Suppose -16*t = -6*t - 2100. What is the remainder when t is divided by 53?
51
Suppose 38*t = 37*t - 80. Suppose 0 = 3*m + 3*o - 36, m + 0*m = -2*o + 17. Calculate the remainder when ((-4)/t*12)/(1/45) is divided by m.
6
Suppose s - 65 = -3*i, -2*i + 0*i = -s - 45. Suppose 6*p - 52 + i = 0. Calculate the remainder when p is divided by 2.
1
Let z = 200 + -177. What is the remainder when 572 is divided by z?
20
Suppose 4*v = 158 - 18. Suppose -28*z = -29*z + 35. Suppose 4*l + z = 71. What is the remainder when v is divided by l?
8
Suppose 5*o - o = 16. Suppose -2*b + o*c = 4, b + 3 = 4*c - 1. Calculate the remainder when 49 is divided by 13 - (b + 1) - -1.
10
Let x(v) = 13*v**3 + 4*v**2 + 7*v + 5. Let z be x(-2). Let d = z + 107. What is the remainder when 69 is divided by d?
9
Suppose 21*g = 14*g + 266. Calculate the remainder when 157 is divided by g.
5
Suppose -3*s = 8 + 1. Calculate the remainder when 232 is divided by 3/(-3) + 3 + s + 48.
44
Calculate the remainder when (2/3)/((-18)/(-4941)) is divided by 31.
28
Let g = 715 - 663. What is the remainder when 152 is divided by g?
48
Let x(l) = -93*l - 279. Calculate the remainder when x(-5) is divided by 39.
30
Suppose -5*y + 107 = 4*w, 2*y - 4*w = -3*w + 35. Let k = -20 - -10. Let m = y + k. What is the remainder when m is divided by 5?
4
Suppose -72 = 12*r - 12. Calculate the remainder when r - -5 - 3*-2 is divided by 5.
1
Suppose 8*o - 1218 = -13*o. Calculate the remainder when o is divided by 19.
1
Let a = -934 - -952. What is the remainder when a is divided by 9?
0
Suppose -m - 24 = -2*m. What is the remainder when (9/(-2))/((-6)/m) is divided by 5?
3
Let q(k) = k + 144. What is the remainder when q(-41) is divided by 60?
43
Suppose -2*o + 133 = -n - 12, -3*o + 215 = -2*n. Calculate the remainder when o is divided by 1 + (-23)/((-207)/162).
18
Let i(y) = y**3 + 7*y**2 - 8*y - 18. Let c be i(-8). Let t(k) = 6*k + 4. Calculate the remainder when t(7) is divided by 96/c*(-2 + (-2)/8).
10
Let l(z) = z**3 + 16*z**2 - 2*z + 37. Calculate the remainder when l(-16) is divided by 18.
15
What is the remainder when (16 - 17)*(-7 + -555) is divided by 113?
110
Let l be 1*4 + (-2 - -1). What is the remainder when (-108)/(-2) - (1 - (1 + l)) is divided by 10?
7
What is the remainder when (1 - 5 - -12)*834/24 is divided by 20?
18
Suppose -6*y + 115 = -y. Suppose -2*x - 105 = -5*d, -3*d - y = 5*x - 86. What is the remainder when 40 is divided by d?
19
Suppose 30 = -0*y + 2*y. Suppose -4374 = -77*j - 4*j. What is the remainder when j is divided by y?
9
Suppose 3*s + 3*j = 42, 6*s - 65 = 2*s + 5*j. Let t = -15 + s. Suppose 6*g - 5*g - 33 = t. What is the remainder when g is divided by 9?
6
Let z = 12 - 10. Let t = -11 + 88. What is the remainder when t is divided by (z - 12)/((-1)/2)?
17
Let n(m) be the second derivative of m**4/6 + m**3/2 - m**2/2 + 22*m. What is the remainder when n(-4) is divided by 4?
3
Suppose 0 = 23*n - 134 - 740. Calculate the remai